{"id":285,"date":"2023-12-19T11:37:53","date_gmt":"2023-12-19T11:37:53","guid":{"rendered":"https:\/\/wp-wordpress.proto.monster\/?page_id=285"},"modified":"2026-01-26T08:43:00","modified_gmt":"2026-01-26T08:43:00","slug":"voucher-list-hu","status":"publish","type":"page","link":"https:\/\/wp-wordpress.proto.monster\/?page_id=285","title":{"rendered":"Voucher list &#8211; hu"},"content":{"rendered":"\n<div class=\"wp-block-group has-global-padding is-layout-constrained wp-container-core-group-is-layout-80189683 wp-block-group-is-layout-constrained\" style=\"margin-bottom:var(--wp--preset--spacing--20);padding-right:var(--wp--preset--spacing--10);padding-left:var(--wp--preset--spacing--10)\">\n<div class=\"wp-block-group has-background has-global-padding is-layout-constrained wp-container-core-group-is-layout-1a1c0e64 wp-block-group-is-layout-constrained\" style=\"border-radius:9px;background-color:#00000008;padding-top:32px;padding-right:32px;padding-bottom:32px;padding-left:32px\">\n<h4 class=\"wp-block-heading has-text-align-center\" style=\"margin-top:0;margin-bottom:var(--wp--preset--spacing--10)\"><strong>\u00c9lvezze ki a SmartApart extr\u00e1it<\/strong><\/h4>\n\n\n\n<p class=\"has-text-align-center has-small-font-size\">Fedezze fel az exkluz\u00edv utalv\u00e1nyokat, amelyek m\u00e9g t\u00f6bbet ny\u00fajthatnak \u00d6nnek a SmartApart tart\u00f3zkod\u00e1sa alatt.<\/p>\n<\/div>\n<\/div>\n\n\n\n<div class=\"wp-block-group has-global-padding is-layout-constrained wp-block-group-is-layout-constrained\">\n<div class=\"wp-block-group has-global-padding is-layout-constrained wp-container-core-group-is-layout-aa1cbefc wp-block-group-is-layout-constrained\" style=\"padding-top:var(--wp--preset--spacing--20);padding-right:var(--wp--preset--spacing--10);padding-bottom:var(--wp--preset--spacing--10);padding-left:var(--wp--preset--spacing--10)\">\n<h3 class=\"wp-block-heading\"><strong>Foglalj k\u00f6zvetlen\u00fcl n\u00e1lunk \u00e9s fizess kevesebbet eg\u00e9sz \u00e9vben<\/strong><\/h3>\n<\/div>\n\n\n\n<div class=\"wp-block-columns is-not-stacked-on-mobile is-layout-flex wp-container-core-columns-is-layout-ed839eea wp-block-columns-is-layout-flex\" style=\"margin-top:0;margin-bottom:0;padding-top:0;padding-bottom:0\">\n<div class=\"wp-block-column is-vertically-aligned-top is-layout-flow wp-container-core-column-is-layout-92d440f1 wp-block-column-is-layout-flow\" style=\"padding-top:0;padding-bottom:0;flex-basis:30%\">\n<figure class=\"wp-block-image size-full\"><img loading=\"lazy\" decoding=\"async\" width=\"444\" height=\"398\" src=\"https:\/\/wp-wordpress.proto.monster\/wp-content\/uploads\/2026\/01\/smartapart_logo.png\" alt=\"\" class=\"wp-image-418\" srcset=\"https:\/\/wp-wordpress.proto.monster\/wp-content\/uploads\/2026\/01\/smartapart_logo.png 444w, https:\/\/wp-wordpress.proto.monster\/wp-content\/uploads\/2026\/01\/smartapart_logo-300x269.png 300w\" sizes=\"auto, (max-width: 444px) 100vw, 444px\" \/><\/figure>\n<\/div>\n\n\n\n<div class=\"wp-block-column is-layout-flow wp-block-column-is-layout-flow\" style=\"flex-basis:70%\">\n<p class=\"has-small-font-size\" style=\"padding-top:0;padding-bottom:0\">K\u00f6sz\u00f6nj\u00fck, hogy a <strong>SmartApart<\/strong> vend\u00e9ge volt\u00e1l!<br>Szeretn\u00e9nk ezt egy kis kedvezm\u00e9nnyel is megk\u00f6sz\u00f6nni.<br><strong>10% kedvezm\u00e9nyt adunk a k\u00f6vetkez\u0151 foglal\u00e1sodra<\/strong>,<br>ha <strong>k\u00f6zvetlen\u00fcl a weboldalunkon<\/strong> foglalsz.<br><br><\/p>\n\n\n\n<div class=\"wp-block-buttons is-content-justification-center is-layout-flex wp-container-core-buttons-is-layout-98935462 wp-block-buttons-is-layout-flex\" style=\"margin-top:var(--wp--preset--spacing--10);margin-bottom:var(--wp--preset--spacing--10)\">\n<div class=\"wp-block-button is-style-fill\"><a class=\"wp-block-button__link wp-element-button\" href=\"https:\/\/wp-wordpress.proto.monster\/?p=423\">Mutasd az utalv\u00e1nyt!<\/a><\/div>\n<\/div>\n<\/div>\n<\/div>\n\n\n\n<hr class=\"wp-block-separator has-text-color has-accent-5-color has-alpha-channel-opacity has-accent-5-background-color has-background is-style-wide\" style=\"margin-top:var(--wp--preset--spacing--10);margin-bottom:var(--wp--preset--spacing--10)\"\/>\n<\/div>\n\n\n\n<div class=\"wp-block-group has-global-padding is-layout-constrained wp-block-group-is-layout-constrained\">\n<div class=\"wp-block-group has-global-padding is-layout-constrained wp-container-core-group-is-layout-aa1cbefc wp-block-group-is-layout-constrained\" style=\"padding-top:var(--wp--preset--spacing--20);padding-right:var(--wp--preset--spacing--10);padding-bottom:var(--wp--preset--spacing--10);padding-left:var(--wp--preset--spacing--10)\">\n<h3 class=\"wp-block-heading\"><strong>Sun Palace Fitness<\/strong><\/h3>\n<\/div>\n\n\n\n<div class=\"wp-block-columns is-not-stacked-on-mobile is-layout-flex wp-container-core-columns-is-layout-ed839eea wp-block-columns-is-layout-flex\" style=\"margin-top:0;margin-bottom:0;padding-top:0;padding-bottom:0\">\n<div class=\"wp-block-column is-vertically-aligned-top is-layout-flow wp-container-core-column-is-layout-92d440f1 wp-block-column-is-layout-flow\" style=\"padding-top:0;padding-bottom:0;flex-basis:30%\">\n<figure class=\"wp-block-image size-large\"><img loading=\"lazy\" decoding=\"async\" width=\"1024\" height=\"1024\" src=\"https:\/\/wp-wordpress.proto.monster\/wp-content\/uploads\/2025\/03\/SP_kerek_logo-1024x1024.png\" alt=\"\" class=\"wp-image-369\" srcset=\"https:\/\/wp-wordpress.proto.monster\/wp-content\/uploads\/2025\/03\/SP_kerek_logo-1024x1024.png 1024w, https:\/\/wp-wordpress.proto.monster\/wp-content\/uploads\/2025\/03\/SP_kerek_logo-300x300.png 300w, https:\/\/wp-wordpress.proto.monster\/wp-content\/uploads\/2025\/03\/SP_kerek_logo-150x150.png 150w, https:\/\/wp-wordpress.proto.monster\/wp-content\/uploads\/2025\/03\/SP_kerek_logo-768x768.png 768w, https:\/\/wp-wordpress.proto.monster\/wp-content\/uploads\/2025\/03\/SP_kerek_logo-1536x1536.png 1536w, https:\/\/wp-wordpress.proto.monster\/wp-content\/uploads\/2025\/03\/SP_kerek_logo-2048x2048.png 2048w\" sizes=\"auto, (max-width: 1024px) 100vw, 1024px\" \/><\/figure>\n<\/div>\n\n\n\n<div class=\"wp-block-column is-layout-flow wp-block-column-is-layout-flow\" style=\"flex-basis:70%\">\n<p class=\"has-small-font-size\" style=\"padding-top:0;padding-bottom:0\">Minden \u00e1rlist\u00e1ban szerepl\u0151 t\u00e9telre 20% kedvezm\u00e9ny! Csak mutasd fel az applik\u00e1ci\u00f3t!<br><br><\/p>\n\n\n\n<div class=\"wp-block-buttons is-content-justification-center is-layout-flex wp-container-core-buttons-is-layout-98935462 wp-block-buttons-is-layout-flex\" style=\"margin-top:var(--wp--preset--spacing--10);margin-bottom:var(--wp--preset--spacing--10)\">\n<div class=\"wp-block-button is-style-fill\"><a class=\"wp-block-button__link wp-element-button\" href=\"https:\/\/wp-wordpress.proto.monster\/?p=351\">Mutasd az utalv\u00e1nyt!<\/a><\/div>\n<\/div>\n<\/div>\n<\/div>\n\n\n\n<hr class=\"wp-block-separator has-text-color has-accent-5-color has-alpha-channel-opacity has-accent-5-background-color has-background is-style-wide\" style=\"margin-top:var(--wp--preset--spacing--10);margin-bottom:var(--wp--preset--spacing--10)\"\/>\n<\/div>\n\n\n\n<div class=\"wp-block-group has-global-padding is-layout-constrained wp-block-group-is-layout-constrained\">\n<div class=\"wp-block-group has-global-padding is-layout-constrained wp-container-core-group-is-layout-aa1cbefc wp-block-group-is-layout-constrained\" style=\"padding-top:var(--wp--preset--spacing--20);padding-right:var(--wp--preset--spacing--10);padding-bottom:var(--wp--preset--spacing--10);padding-left:var(--wp--preset--spacing--10)\">\n<h3 class=\"wp-block-heading\"><strong>Stay Coffee<\/strong><\/h3>\n<\/div>\n\n\n\n<div class=\"wp-block-columns is-not-stacked-on-mobile is-layout-flex wp-container-core-columns-is-layout-ed839eea wp-block-columns-is-layout-flex\" style=\"margin-top:0;margin-bottom:0;padding-top:0;padding-bottom:0\">\n<div class=\"wp-block-column is-vertically-aligned-top is-layout-flow wp-container-core-column-is-layout-92d440f1 wp-block-column-is-layout-flow\" style=\"padding-top:0;padding-bottom:0;flex-basis:30%\">\n<figure class=\"wp-block-image size-large\"><img loading=\"lazy\" decoding=\"async\" width=\"1024\" height=\"1024\" src=\"https:\/\/wp-wordpress.proto.monster\/wp-content\/uploads\/2023\/11\/Stay-1-1024x1024.jpg\" alt=\"Stay coffee\" class=\"wp-image-99\" style=\"aspect-ratio:1;object-fit:contain\" srcset=\"https:\/\/wp-wordpress.proto.monster\/wp-content\/uploads\/2023\/11\/Stay-1-1024x1024.jpg 1024w, https:\/\/wp-wordpress.proto.monster\/wp-content\/uploads\/2023\/11\/Stay-1-300x300.jpg 300w, https:\/\/wp-wordpress.proto.monster\/wp-content\/uploads\/2023\/11\/Stay-1-150x150.jpg 150w, https:\/\/wp-wordpress.proto.monster\/wp-content\/uploads\/2023\/11\/Stay-1-768x768.jpg 768w, https:\/\/wp-wordpress.proto.monster\/wp-content\/uploads\/2023\/11\/Stay-1.jpg 1366w\" sizes=\"auto, (max-width: 1024px) 100vw, 1024px\" \/><\/figure>\n<\/div>\n\n\n\n<div class=\"wp-block-column is-layout-flow wp-block-column-is-layout-flow\" style=\"flex-basis:70%\">\n<p class=\"has-small-font-size\" style=\"padding-top:0;padding-bottom:0\">Dupla \u00f6r\u00f6m: V\u00e1s\u00e1roljon egy k\u00e1v\u00e9t \u00e9s egy m\u00e1sodikat kap ingyen a Stay Coffee-ban!<br><br><\/p>\n\n\n\n<div class=\"wp-block-buttons is-content-justification-center is-layout-flex wp-container-core-buttons-is-layout-98935462 wp-block-buttons-is-layout-flex\" style=\"margin-top:var(--wp--preset--spacing--10);margin-bottom:var(--wp--preset--spacing--10)\">\n<div class=\"wp-block-button is-style-fill\"><a class=\"wp-block-button__link wp-element-button\" href=\"https:\/\/wp-wordpress.proto.monster\/?p=296\">Mutasd az utalv\u00e1nyt!<\/a><\/div>\n<\/div>\n<\/div>\n<\/div>\n\n\n\n<hr class=\"wp-block-separator has-text-color has-accent-5-color has-alpha-channel-opacity has-accent-5-background-color has-background is-style-wide\" style=\"margin-top:var(--wp--preset--spacing--10);margin-bottom:var(--wp--preset--spacing--10)\"\/>\n<\/div>\n\n\n\n<div class=\"wp-block-group has-global-padding is-layout-constrained wp-block-group-is-layout-constrained\">\n<div class=\"wp-block-group has-global-padding is-layout-constrained wp-container-core-group-is-layout-aa1cbefc wp-block-group-is-layout-constrained\" style=\"padding-top:var(--wp--preset--spacing--20);padding-right:var(--wp--preset--spacing--10);padding-bottom:var(--wp--preset--spacing--10);padding-left:var(--wp--preset--spacing--10)\">\n<h3 class=\"wp-block-heading\"><strong>Szaletly \u00c9tterem<\/strong><\/h3>\n<\/div>\n\n\n\n<div class=\"wp-block-columns is-not-stacked-on-mobile is-layout-flex wp-container-core-columns-is-layout-ed839eea wp-block-columns-is-layout-flex\" style=\"margin-top:0;margin-bottom:0;padding-top:0;padding-bottom:0\">\n<div class=\"wp-block-column is-vertically-aligned-top is-layout-flow wp-container-core-column-is-layout-92d440f1 wp-block-column-is-layout-flow\" style=\"padding-top:0;padding-bottom:0;flex-basis:30%\">\n<figure class=\"wp-block-image size-large\"><img loading=\"lazy\" decoding=\"async\" width=\"1024\" height=\"1024\" src=\"https:\/\/wp-wordpress.proto.monster\/wp-content\/uploads\/2023\/11\/Szaletly-1024x1024.jpeg\" alt=\"Szaletly\" class=\"wp-image-100\" style=\"aspect-ratio:1;object-fit:contain\" srcset=\"https:\/\/wp-wordpress.proto.monster\/wp-content\/uploads\/2023\/11\/Szaletly-1024x1024.jpeg 1024w, https:\/\/wp-wordpress.proto.monster\/wp-content\/uploads\/2023\/11\/Szaletly-300x300.jpeg 300w, https:\/\/wp-wordpress.proto.monster\/wp-content\/uploads\/2023\/11\/Szaletly-150x150.jpeg 150w, https:\/\/wp-wordpress.proto.monster\/wp-content\/uploads\/2023\/11\/Szaletly-768x768.jpeg 768w, https:\/\/wp-wordpress.proto.monster\/wp-content\/uploads\/2023\/11\/Szaletly.jpeg 1366w\" sizes=\"auto, (max-width: 1024px) 100vw, 1024px\" \/><\/figure>\n<\/div>\n\n\n\n<div class=\"wp-block-column is-layout-flow wp-block-column-is-layout-flow\" style=\"flex-basis:70%\">\n<p class=\"has-small-font-size\" style=\"padding-top:0;padding-bottom:0\">Ingyen bor a Szaletly \u00c9tteremben: Vacsor\u00e1zzon a Szaletlyben, \u00e9s legyen a SmartApart vend\u00e9ge egy \u00fcvegre a h\u00e1z bor\u00e1b\u00f3l!<br><\/p>\n\n\n\n<div class=\"wp-block-buttons is-content-justification-center is-layout-flex wp-container-core-buttons-is-layout-98935462 wp-block-buttons-is-layout-flex\" style=\"margin-top:var(--wp--preset--spacing--10);margin-bottom:var(--wp--preset--spacing--10)\">\n<div class=\"wp-block-button is-style-fill\"><a class=\"wp-block-button__link wp-element-button\" href=\"https:\/\/wp-wordpress.proto.monster\/?p=295\">Mutasd az utalv\u00e1nyt!<\/a><\/div>\n<\/div>\n<\/div>\n<\/div>\n\n\n\n<hr class=\"wp-block-separator has-text-color has-accent-5-color has-alpha-channel-opacity has-accent-5-background-color has-background is-style-wide\" style=\"margin-top:var(--wp--preset--spacing--10);margin-bottom:var(--wp--preset--spacing--10)\"\/>\n<\/div>\n\n\n\n<div class=\"wp-block-group has-global-padding is-layout-constrained wp-block-group-is-layout-constrained\">\n<div class=\"wp-block-group has-global-padding is-layout-constrained wp-container-core-group-is-layout-aa1cbefc wp-block-group-is-layout-constrained\" style=\"padding-top:var(--wp--preset--spacing--20);padding-right:var(--wp--preset--spacing--10);padding-bottom:var(--wp--preset--spacing--10);padding-left:var(--wp--preset--spacing--10)\">\n<h3 class=\"wp-block-heading\"><strong>Subway, R\u00e1k\u00f3czi \u00fat<\/strong><\/h3>\n<\/div>\n\n\n\n<div class=\"wp-block-columns is-not-stacked-on-mobile is-layout-flex wp-container-core-columns-is-layout-ed839eea wp-block-columns-is-layout-flex\" style=\"margin-top:0;margin-bottom:0;padding-top:0;padding-bottom:0\">\n<div class=\"wp-block-column is-vertically-aligned-top is-layout-flow wp-container-core-column-is-layout-92d440f1 wp-block-column-is-layout-flow\" style=\"padding-top:0;padding-bottom:0;flex-basis:30%\">\n<figure class=\"wp-block-image size-full\"><img loading=\"lazy\" decoding=\"async\" width=\"512\" height=\"512\" src=\"https:\/\/wp-wordpress.proto.monster\/wp-content\/uploads\/2023\/12\/subway.jpg\" alt=\"\" class=\"wp-image-198\" style=\"aspect-ratio:1;object-fit:contain\" srcset=\"https:\/\/wp-wordpress.proto.monster\/wp-content\/uploads\/2023\/12\/subway.jpg 512w, https:\/\/wp-wordpress.proto.monster\/wp-content\/uploads\/2023\/12\/subway-300x300.jpg 300w, https:\/\/wp-wordpress.proto.monster\/wp-content\/uploads\/2023\/12\/subway-150x150.jpg 150w\" sizes=\"auto, (max-width: 512px) 100vw, 512px\" \/><\/figure>\n<\/div>\n\n\n\n<div class=\"wp-block-column is-layout-flow wp-block-column-is-layout-flow\" style=\"flex-basis:70%\">\n<p class=\"has-small-font-size\" style=\"padding-top:0;padding-bottom:0\">\u00c9lvezze a j\u00f3l ismert \u00edzeket: v\u00e1lassza ki az \u00d6n \u00e1ltal kedvelt Subway szendvicset, \u00e9s kap egy m\u00e1sodikat!<br><br><\/p>\n\n\n\n<div class=\"wp-block-buttons is-content-justification-center is-layout-flex wp-container-core-buttons-is-layout-98935462 wp-block-buttons-is-layout-flex\" style=\"margin-top:var(--wp--preset--spacing--10);margin-bottom:var(--wp--preset--spacing--10)\">\n<div class=\"wp-block-button is-style-fill\"><a class=\"wp-block-button__link wp-element-button\" href=\"https:\/\/wp-wordpress.proto.monster\/?p=287\">Mutasd az utalv\u00e1nyt!<\/a><\/div>\n<\/div>\n<\/div>\n<\/div>\n\n\n\n<hr class=\"wp-block-separator has-text-color has-accent-5-color has-alpha-channel-opacity has-accent-5-background-color has-background is-style-wide\" style=\"margin-top:var(--wp--preset--spacing--10);margin-bottom:var(--wp--preset--spacing--10)\"\/>\n<\/div>\n\n\n\n<div class=\"wp-block-group has-global-padding is-layout-constrained wp-container-core-group-is-layout-aa1cbefc wp-block-group-is-layout-constrained\" style=\"padding-top:var(--wp--preset--spacing--20);padding-right:var(--wp--preset--spacing--10);padding-bottom:var(--wp--preset--spacing--10);padding-left:var(--wp--preset--spacing--10)\">\n<h3 class=\"wp-block-heading\"><strong><strong>Shoperia.hu \u2013 Okos v\u00e1laszt\u00e1s a mindennapi bev\u00e1s\u00e1rl\u00e1shoz!<\/strong><\/strong><\/h3>\n<\/div>\n\n\n\n<div class=\"wp-block-columns is-not-stacked-on-mobile is-layout-flex wp-container-core-columns-is-layout-ed839eea wp-block-columns-is-layout-flex\" style=\"margin-top:0;margin-bottom:0;padding-top:0;padding-bottom:0\">\n<div class=\"wp-block-column is-vertically-aligned-top is-layout-flow wp-container-core-column-is-layout-92d440f1 wp-block-column-is-layout-flow\" style=\"padding-top:0;padding-bottom:0;flex-basis:30%\">\n<figure class=\"wp-block-image size-full\"><img loading=\"lazy\" decoding=\"async\" width=\"3674\" height=\"901\" src=\"https:\/\/wp-wordpress.proto.monster\/wp-content\/uploads\/2025\/03\/Shoperia_mosasszakertoje_logo_color_2024.png\" alt=\"\" class=\"wp-image-383\" style=\"aspect-ratio:1;object-fit:contain\" srcset=\"https:\/\/wp-wordpress.proto.monster\/wp-content\/uploads\/2025\/03\/Shoperia_mosasszakertoje_logo_color_2024.png 3674w, https:\/\/wp-wordpress.proto.monster\/wp-content\/uploads\/2025\/03\/Shoperia_mosasszakertoje_logo_color_2024-300x74.png 300w, https:\/\/wp-wordpress.proto.monster\/wp-content\/uploads\/2025\/03\/Shoperia_mosasszakertoje_logo_color_2024-1024x251.png 1024w, https:\/\/wp-wordpress.proto.monster\/wp-content\/uploads\/2025\/03\/Shoperia_mosasszakertoje_logo_color_2024-768x188.png 768w, https:\/\/wp-wordpress.proto.monster\/wp-content\/uploads\/2025\/03\/Shoperia_mosasszakertoje_logo_color_2024-1536x377.png 1536w, https:\/\/wp-wordpress.proto.monster\/wp-content\/uploads\/2025\/03\/Shoperia_mosasszakertoje_logo_color_2024-2048x502.png 2048w\" sizes=\"auto, (max-width: 3674px) 100vw, 3674px\" \/><\/figure>\n<\/div>\n\n\n\n<div class=\"wp-block-column is-layout-flow wp-block-column-is-layout-flow\" style=\"flex-basis:70%\">\n<p class=\"has-small-font-size\" style=\"padding-top:0;padding-bottom:0\">Fedezd fel a verhetetlen kedvezm\u00e9nyeket a legn\u00e9pszer\u0171bb h\u00e1ztart\u00e1si \u00e9s sz\u00e9ps\u00e9g\u00e1pol\u00e1si m\u00e1rk\u00e1kra a Shoperia.hu-n!<br><\/p>\n\n\n\n<div class=\"wp-block-buttons is-content-justification-center is-layout-flex wp-container-core-buttons-is-layout-98935462 wp-block-buttons-is-layout-flex\" style=\"margin-top:var(--wp--preset--spacing--10);margin-bottom:var(--wp--preset--spacing--10)\">\n<div class=\"wp-block-button is-style-fill\"><a class=\"wp-block-button__link wp-element-button\" href=\"https:\/\/wp-wordpress.proto.monster\/?p=381\">Mutasd az utalv\u00e1nyt!<\/a><\/div>\n<\/div>\n<\/div>\n<\/div>\n\n\n\n<hr class=\"wp-block-separator has-alpha-channel-opacity is-style-wide\"\/>\n\n\n\n<div class=\"wp-block-group has-global-padding is-layout-constrained wp-container-core-group-is-layout-aa1cbefc wp-block-group-is-layout-constrained\" style=\"padding-top:var(--wp--preset--spacing--20);padding-right:var(--wp--preset--spacing--10);padding-bottom:var(--wp--preset--spacing--10);padding-left:var(--wp--preset--spacing--10)\">\n<h3 class=\"wp-block-heading\"><strong><strong><strong>Matebike.hu \u2013 A legmen\u0151bb v\u00e1laszt\u00e1s v\u00e1rosi felfedez\u0151knek<\/strong><\/strong><\/strong><\/h3>\n<\/div>\n\n\n\n<div class=\"wp-block-columns is-not-stacked-on-mobile is-layout-flex wp-container-core-columns-is-layout-ed839eea wp-block-columns-is-layout-flex\" style=\"margin-top:0;margin-bottom:0;padding-top:0;padding-bottom:0\">\n<div class=\"wp-block-column is-vertically-aligned-top is-layout-flow wp-container-core-column-is-layout-92d440f1 wp-block-column-is-layout-flow\" style=\"padding-top:0;padding-bottom:0;flex-basis:30%\">\n<figure class=\"wp-block-image size-full\"><img loading=\"lazy\" decoding=\"async\" width=\"282\" height=\"280\" src=\"https:\/\/wp-wordpress.proto.monster\/wp-content\/uploads\/2025\/03\/Screenshot-2025-03-31-at-19.37.53.png\" alt=\"\" class=\"wp-image-389\" style=\"aspect-ratio:1;object-fit:contain\" srcset=\"https:\/\/wp-wordpress.proto.monster\/wp-content\/uploads\/2025\/03\/Screenshot-2025-03-31-at-19.37.53.png 282w, https:\/\/wp-wordpress.proto.monster\/wp-content\/uploads\/2025\/03\/Screenshot-2025-03-31-at-19.37.53-150x150.png 150w\" sizes=\"auto, (max-width: 282px) 100vw, 282px\" \/><\/figure>\n<\/div>\n\n\n\n<div class=\"wp-block-column is-layout-flow wp-block-column-is-layout-flow\" style=\"flex-basis:70%\">\n<p class=\"has-small-font-size\" style=\"padding-top:0;padding-bottom:0\">Pr\u00f3b\u00e1ld ki \u00e9s szerezd be a piac egyik leger\u0151sebb \u00e9s legst\u00edlusosabb \u00f6sszecsukhat\u00f3 elektromos ker\u00e9kp\u00e1rj\u00e1t!<br><br><\/p>\n\n\n\n<div class=\"wp-block-buttons is-content-justification-center is-layout-flex wp-container-core-buttons-is-layout-98935462 wp-block-buttons-is-layout-flex\" style=\"margin-top:var(--wp--preset--spacing--10);margin-bottom:var(--wp--preset--spacing--10)\">\n<div class=\"wp-block-button is-style-fill\"><a class=\"wp-block-button__link wp-element-button\" href=\"https:\/\/wp-wordpress.proto.monster\/?p=388\">Mutasd az utalv\u00e1nyt!<\/a><\/div>\n<\/div>\n<\/div>\n<\/div>\n\n\n\n<p><br><\/p>\n\n\n\n<hr class=\"wp-block-separator has-alpha-channel-opacity is-style-wide\"\/>\n\n\n\n<div class=\"wp-block-group has-global-padding is-layout-constrained wp-container-core-group-is-layout-aa1cbefc wp-block-group-is-layout-constrained\" style=\"padding-top:var(--wp--preset--spacing--20);padding-right:var(--wp--preset--spacing--10);padding-bottom:var(--wp--preset--spacing--10);padding-left:var(--wp--preset--spacing--10)\">\n<h3 class=\"wp-block-heading\"><strong><strong><strong><strong>HOM12.hu \u2013 A legotthonosabb munkahely a v\u00e1rosban<\/strong><\/strong><\/strong><\/strong><\/h3>\n<\/div>\n\n\n\n<div class=\"wp-block-columns is-not-stacked-on-mobile is-layout-flex wp-container-core-columns-is-layout-ed839eea wp-block-columns-is-layout-flex\" style=\"margin-top:0;margin-bottom:0;padding-top:0;padding-bottom:0\">\n<div class=\"wp-block-column is-vertically-aligned-top is-layout-flow wp-container-core-column-is-layout-92d440f1 wp-block-column-is-layout-flow\" style=\"padding-top:0;padding-bottom:0;flex-basis:30%\">\n<figure class=\"wp-block-image size-full\"><img loading=\"lazy\" decoding=\"async\" width=\"521\" height=\"211\" src=\"https:\/\/wp-wordpress.proto.monster\/wp-content\/uploads\/2025\/03\/logonew3.png\" alt=\"\" class=\"wp-image-395\" style=\"aspect-ratio:1;object-fit:contain\" srcset=\"https:\/\/wp-wordpress.proto.monster\/wp-content\/uploads\/2025\/03\/logonew3.png 521w, https:\/\/wp-wordpress.proto.monster\/wp-content\/uploads\/2025\/03\/logonew3-300x121.png 300w\" sizes=\"auto, (max-width: 521px) 100vw, 521px\" \/><\/figure>\n<\/div>\n\n\n\n<div class=\"wp-block-column is-layout-flow wp-block-column-is-layout-flow\" style=\"flex-basis:70%\">\n<p class=\"has-small-font-size\" style=\"padding-top:0;padding-bottom:0\">Sz\u00fcks\u00e9ged van egy coworking irod\u00e1ra budapesti tart\u00f3zkod\u00e1sod idej\u00e9re?<br><br><\/p>\n\n\n\n<div class=\"wp-block-buttons is-content-justification-center is-layout-flex wp-container-core-buttons-is-layout-98935462 wp-block-buttons-is-layout-flex\" style=\"margin-top:var(--wp--preset--spacing--10);margin-bottom:var(--wp--preset--spacing--10)\">\n<div class=\"wp-block-button is-style-fill\"><a class=\"wp-block-button__link wp-element-button\" href=\"https:\/\/wp-wordpress.proto.monster\/?p=394\">Mutasd az utalv\u00e1nyt!<\/a><\/div>\n<\/div>\n<\/div>\n<\/div>\n","protected":false},"excerpt":{"rendered":"<p>\u00c9lvezze ki a SmartApart extr\u00e1it Fedezze fel az exkluz\u00edv utalv\u00e1nyokat, amelyek m\u00e9g t\u00f6bbet ny\u00fajthatnak \u00d6nnek a SmartApart tart\u00f3zkod\u00e1sa alatt. Foglalj k\u00f6zvetlen\u00fcl n\u00e1lunk \u00e9s fizess kevesebbet eg\u00e9sz \u00e9vben K\u00f6sz\u00f6nj\u00fck, hogy a SmartApart vend\u00e9ge volt\u00e1l!Szeretn\u00e9nk ezt egy kis kedvezm\u00e9nnyel is megk\u00f6sz\u00f6nni.10% kedvezm\u00e9nyt adunk a k\u00f6vetkez\u0151 foglal\u00e1sodra,ha k\u00f6zvetlen\u00fcl a weboldalunkon foglalsz. Sun Palace Fitness Minden \u00e1rlist\u00e1ban szerepl\u0151 t\u00e9telre [&hellip;]<\/p>\n","protected":false},"author":1,"featured_media":0,"parent":0,"menu_order":0,"comment_status":"closed","ping_status":"closed","template":"","meta":{"footnotes":""},"class_list":["post-285","page","type-page","status-publish","hentry"],"featured_image_urls":{"full":"","thumbnail":"","medium":"","medium_large":"","large":"","1536x1536":"","2048x2048":""},"post_excerpt_stackable":"<p>\u00c9lvezze ki a SmartApart extr\u00e1it Fedezze fel az exkluz\u00edv utalv\u00e1nyokat, amelyek m\u00e9g t\u00f6bbet ny\u00fajthatnak \u00d6nnek a SmartApart tart\u00f3zkod\u00e1sa alatt. Foglalj k\u00f6zvetlen\u00fcl n\u00e1lunk \u00e9s fizess kevesebbet eg\u00e9sz \u00e9vben K\u00f6sz\u00f6nj\u00fck, hogy a SmartApart vend\u00e9ge volt\u00e1l!Szeretn\u00e9nk ezt egy kis kedvezm\u00e9nnyel is megk\u00f6sz\u00f6nni.10% kedvezm\u00e9nyt adunk a k\u00f6vetkez\u0151 foglal\u00e1sodra,ha k\u00f6zvetlen\u00fcl a weboldalunkon foglalsz. Mutasd az utalv\u00e1nyt! Sun Palace Fitness Minden \u00e1rlist\u00e1ban szerepl\u0151 t\u00e9telre 20% kedvezm\u00e9ny! Csak mutasd fel az applik\u00e1ci\u00f3t! Mutasd az utalv\u00e1nyt! Stay Coffee Dupla \u00f6r\u00f6m: V\u00e1s\u00e1roljon egy k\u00e1v\u00e9t \u00e9s egy m\u00e1sodikat kap ingyen a Stay Coffee-ban! Mutasd az utalv\u00e1nyt! Szaletly \u00c9tterem Ingyen bor a Szaletly \u00c9tteremben: Vacsor\u00e1zzon a Szaletlyben, \u00e9s legyen a SmartApart&hellip;<\/p>\n","category_list":"","author_info":{"name":"gordon","url":"https:\/\/wp-wordpress.proto.monster\/?author=1"},"comments_num":"0 comments","_links":{"self":[{"href":"https:\/\/wp-wordpress.proto.monster\/index.php?rest_route=\/wp\/v2\/pages\/285","targetHints":{"allow":["GET"]}}],"collection":[{"href":"https:\/\/wp-wordpress.proto.monster\/index.php?rest_route=\/wp\/v2\/pages"}],"about":[{"href":"https:\/\/wp-wordpress.proto.monster\/index.php?rest_route=\/wp\/v2\/types\/page"}],"author":[{"embeddable":true,"href":"https:\/\/wp-wordpress.proto.monster\/index.php?rest_route=\/wp\/v2\/users\/1"}],"replies":[{"embeddable":true,"href":"https:\/\/wp-wordpress.proto.monster\/index.php?rest_route=%2Fwp%2Fv2%2Fcomments&post=285"}],"version-history":[{"count":17,"href":"https:\/\/wp-wordpress.proto.monster\/index.php?rest_route=\/wp\/v2\/pages\/285\/revisions"}],"predecessor-version":[{"id":426,"href":"https:\/\/wp-wordpress.proto.monster\/index.php?rest_route=\/wp\/v2\/pages\/285\/revisions\/426"}],"wp:attachment":[{"href":"https:\/\/wp-wordpress.proto.monster\/index.php?rest_route=%2Fwp%2Fv2%2Fmedia&parent=285"}],"curies":[{"name":"wp","href":"https:\/\/api.w.org\/{rel}","templated":true}]}}